 -5*x - 1. Let o be d(1). Let c be 81/((-8)/(64/o)). Suppose 0 = 3*q + 5*y - 36, 4*q - y = -6*y + 48. What is the highest common factor of c and q?
12
Suppose -5*x + 516 = 4*g, -2*x - 3*g = -127 - 78. Suppose 312 = -76*b + 84*b. Calculate the greatest common divisor of b and x.
13
Suppose -156*a + 169*a = 117. Calculate the highest common factor of a and 78.
3
Let u be 153208/(-20) - 2/(-5). Let f be ((-18)/(-12))/(3/u). Let m be (-4)/(-22) + f/(-110). What is the highest common factor of 14 and m?
7
Suppose -10*t + 2*q - 30 + 118 = 0, 10 = -5*t - 5*q. Let i = 1 + -1. Suppose i = -0*c + c - 14. What is the greatest common factor of c and t?
7
Let z(h) = 307*h + 3382. Let t be z(-11). Suppose -25 = 4*w - 9*w. What is the greatest common divisor of w and t?
5
Suppose -2*n + q = -4400, 4*n + 34*q = 38*q + 8796. Calculate the greatest common factor of 31 and n.
31
Suppose 4*f = 5*s - 5798 - 883, -s + 3*f = -1345. Suppose -10*d = -4293 + s. What is the highest common factor of 8 and d?
8
Suppose 0 = -v + 7 + 6. Let y = 9 + v. Suppose s - 5*o - 103 + 68 = 0, 0 = -2*s - 3*o + 122. Calculate the highest common divisor of y and s.
11
Let x = -1922 - -1930. Calculate the highest common factor of 960 and x.
8
Let i(y) = -y**2 - 23*y - 8. Let o be i(-20). Suppose -4*m = -3*u - o, -u - 26 = -2*m + 2*u. Calculate the highest common divisor of m and 39.
13
Let s(n) = n + 5. Let z be s(-3). Let v(o) = 3*o**2 - 6*o + 1. Let q be v(z). Let h be (q/((-3)/3))/((-1)/6). Calculate the greatest common divisor of 2 and h.
2
Let i be ((-18)/(-15))/((-2)/(-5)). Let t be 5/(-6*i/(-702)). What is the highest common factor of 15 and t?
15
Suppose -22*z + 5575 = 1503 - 2748. Calculate the highest common divisor of 1395 and z.
155
Let x be ((-6)/(-5))/2*125. Suppose -55 = -5*b - 20. Let y = 37 - b. What is the highest common divisor of x and y?
15
Let o(s) = s**3 + 12*s**2 + 15*s + 2. Let n be ((-100)/15)/((-26)/6 + 5). Let x be o(n). What is the greatest common divisor of 416 and x?
52
Suppose 4 = -4*s, -l - 3*l + 11 = 5*s. Suppose -5*f + i + 28 = 0, f + 5*i - l = 2*f. Suppose -5*u + 9 = -f. Calculate the greatest common factor of u and 9.
3
Let x = 75 + -70. Suppose x*y - 289 = 591. Calculate the highest common factor of y and 32.
16
Suppose -4*a - 224 = 580. Let c = a + 204. What is the highest common factor of 6 and c?
3
Let g be (4*7)/((-6)/(-4284)*17). What is the highest common factor of g and 343?
49
Let o(g) be the third derivative of 1/30*g**5 + 7*g**2 + 1/6*g**4 + 0 + 1/3*g**3 + 0*g. Let d be o(-5). Calculate the greatest common divisor of d and 8.
8
Let m(x) = -53*x - 4818. Let j be m(-181). Calculate the highest common factor of j and 2101.
191
Let o(r) = -28*r + 574. Let p be o(16). What is the highest common factor of 2226 and p?
42
Let j = 94 + -102. Let h(z) = z**3 + z**2 - 59*z - 15. Let f be h(j). What is the highest common factor of f and 2?
1
Let d be (3 + (0 - 39))*(-15)/12. Let q be 161/7 + 10 - (-6)/(-2). Calculate the greatest common divisor of d and q.
15
Let m = -216 + 345. Let l = 309 - m. What is the highest common divisor of l and 8?
4
Let u(x) = 3*x + 6*x**2 - 6*x + x. Let p be u(1). Suppose -p*h = -34 - 30. Calculate the highest common divisor of 2 and h.
2
Let i(f) = f**2 + 8*f + 15. Suppose 8 + 4 = -4*t - 2*m, 3*t - 5*m + 35 = 0. Let x be i(t). Suppose b = 15 - x. Calculate the highest common factor of 60 and b.
15
Let x be (-1 + (-19)/5)/(24/(31 + -151)). What is the greatest common factor of x and 186?
6
Suppose 82*v + 153177 = 724881. Calculate the highest common factor of v and 14.
14
Suppose 0 = -34*w + 2440 + 422 + 96. Calculate the greatest common divisor of 15747 and w.
87
Suppose -278*s = -826607 - 1055731. What is the highest common factor of s and 183?
183
Let b(x) be the first derivative of 2*x**3/3 + 3*x**2/2 + 7. Let s be b(-2). Suppose s*k + 25 = 3*k. Calculate the highest common factor of k and 50.
25
Let h = 2409 + 8391. What is the greatest common divisor of 48 and h?
48
Suppose -3*b = -160 - 128. Let y = 169 + -97. Calculate the highest common divisor of y and b.
24
Let w be 1474/12*3 - 4/(-8). Suppose -8*h + 129 = 33. Let l = h - -29. Calculate the greatest common factor of l and w.
41
Let f(n) = 14*n**3 - 4*n**2 - 6*n - 2. Let h be f(3). Let v = h - 319. What is the highest common factor of v and 3?
3
Suppose -h - 3 = -9. Suppose 1316 = 4*n + 4*g, -h*g + 2*g = -20. Let q = n - 231. Calculate the highest common divisor of q and 62.
31
Suppose -7*u = -18*u - 2211. Let n = 15 - u. Let d be ((-3)/4)/((-18)/n). Calculate the greatest common divisor of d and 36.
9
Let k(g) = g**3 - g + 70. Let r be k(0). Suppose 300 = -6*x + 564. Suppose b = 3*d - 32, 3*b - x = -6*d + d. What is the greatest common divisor of d and r?
10
Let k = 101 + -71. Suppose 0 = 3*s + 5*b - 375, 3*b + 15 + 3 = 0. Calculate the highest common divisor of k and s.
15
Let c be (-30)/(-12)*(-2)/(-5)*11. Suppose -k = -5*t - c, -55 = 4*k - 9*k - 5*t. Suppose 2*u - 76 - 12 = 0. Calculate the highest common divisor of k and u.
11
Suppose -3*a + y = -134, 4*a + 3*y + 49 - 206 = 0. Let r(p) = -3*p**3 - 7*p**2 - 12*p + 1. Let c be r(-4). Calculate the greatest common divisor of a and c.
43
Let s = 4731 + -4711. Calculate the highest common factor of 1620 and s.
20
Suppose 2*y + 9 + 425 = 0. Let k = y - -223. What is the greatest common divisor of 282 and k?
6
Suppose 7*j - 79 = 1440. Let r = -213 + j. What is the greatest common factor of r and 108?
4
Let w be 108/702 + 108/(-26). Let y be w + 4 + 40 - (-2 + -2). Calculate the greatest common divisor of y and 132.
44
Suppose 1300 = 255*r - 265*r. Let d = 194 + r. Calculate the highest common divisor of d and 1472.
64
Let x = -2754 + 3202. Calculate the highest common factor of 28 and x.
28
Let o = 15337 - 14721. What is the highest common factor of o and 896?
56
Let h = 45 + -26. Let r = h - -35. Suppose 3*d + 66 = -2*f + 87, -4*d + 42 = -2*f. What is the greatest common divisor of r and d?
9
Let j be 17262/189 - 2/6*-5 - 7. Let k(w) = w**2 + 4*w - 1. Let h be k(-5). Calculate the greatest common divisor of h and j.
2
Let v = -1649 + 1697. Calculate the greatest common divisor of 1424 and v.
16
Let a = 63 - -81. Let x(s) = s + 20. Let w be x(-2). Let b be 27/(2/(24/w)). What is the highest common factor of b and a?
18
Let r = 918 - -122. Suppose 0 = 15*i - 5*i - r. What is the greatest common factor of i and 78?
26
Let v = -37 + 41. Suppose -5*r + 135 = -6*p + p, 0 = r - v*p - 30. Calculate the greatest common divisor of r and 91.
13
Suppose 3*f + 9 = -i, 5*f + 2*i = 2*f - 12. Let n be 22 - ((-8)/2)/f. Let q = 89530 - 89460. What is the greatest common divisor of n and q?
10
Let n(y) = -y**3 + 30*y**2 - 4*y + 124. Let g be n(30). Suppose 3*u - m = 406, 3*u - u = -g*m + 266. Calculate the highest common factor of 15 and u.
15
Let r = 15398 - 15380. Calculate the highest common factor of 225 and r.
9
Suppose -56*y = 41*y - 27*y - 140. What is the highest common factor of y and 269?
1
Let l(i) = 142*i - 426. Let p be l(7). Calculate the highest common factor of p and 639.
71
Let s(r) = r**3 + 20*r**2 + 36*r + 4. Let d be s(-18). Suppose -t = 4*i - 603, -180 = 5*i - d*t - 918. Calculate the greatest common divisor of 60 and i.
30
Let i = -5 - 2. Let g be (-22)/(i/(147/6)). Suppose 0 = -3*d + 5*q + 46, 5*d = 16*q - 18*q + 25. Calculate the highest common divisor of g and d.
7
Let p be ((-123)/5 + 0)/((-2)/(-10)). Let x = 64 - p. Calculate the highest common divisor of 22 and x.
11
Let y be (66/110)/((-3)/(-8400)). Calculate the highest common divisor of y and 1890.
210
Let u be 10/30*(1 - -20) + (-42)/(-6). What is the greatest common divisor of u and 1778?
14
Let u = -17 + 17. Suppose -3*j = -3*b - u*j + 36, -b + 3*j + 20 = 0. Suppose b*x = 4*x + 112. Calculate the highest common factor of x and 14.
14
Let q(y) = 8196*y - 73584. Let h be q(9). Suppose 20 + 0 = -5*n. Let x(g) = -9*g. Let w be x(n). What is the greatest common divisor of w and h?
36
Let f be -92*(1 - (18/4 - 1)). Let d be f/15 - 2/(-3). Let z be 1/(3*(-3)/(-36)). What is the greatest common factor of z and d?
4
Let t = -4604 - -5708. What is the greatest common factor of 336 and t?
48
Suppose 16*k + 380 = 21*k. Suppose -d + 21 = l, -2*d - k = -4*l -